{"id":506,"date":"2015-01-02T09:54:16","date_gmt":"2015-01-02T08:54:16","guid":{"rendered":"http:\/\/bach-to-trad-co.org\/?page_id=506"},"modified":"2018-09-01T11:11:47","modified_gmt":"2018-09-01T10:11:47","slug":"le-projet","status":"publish","type":"page","link":"http:\/\/bach-to-trad-co.org\/?page_id=506","title":{"rendered":"Les artistes"},"content":{"rendered":"<hr \/>\n<h5 style=\"text-align: left;\"><strong>Artistes:<\/strong><\/h5>\n<h5><\/h5>\n<h5><span style=\"color: #333333;\">Lauriane Kereg<br \/>\n<\/span><\/h5>\n<p><span style=\"color: #333333;\"><a style=\"color: #333333;\" href=\"http:\/\/bach-to-trad-co.org\/wp-content\/uploads\/2014\/08\/1329r-e1425911976478.png\" data-rel=\"lightbox-image-0\" data-rl_title=\"\" data-rl_caption=\"\" title=\"\"><img loading=\"lazy\" class=\"wp-image-644 alignleft\" src=\"http:\/\/bach-to-trad-co.org\/wp-content\/uploads\/2014\/08\/1329r-e1425911976478.png\" alt=\"1329r\" width=\"210\" height=\"198\" srcset=\"http:\/\/bach-to-trad-co.org\/wp-content\/uploads\/2014\/08\/1329r-e1425911976478.png 623w, http:\/\/bach-to-trad-co.org\/wp-content\/uploads\/2014\/08\/1329r-e1425911976478-300x283.png 300w, http:\/\/bach-to-trad-co.org\/wp-content\/uploads\/2014\/08\/1329r-e1425911976478-159x150.png 159w, http:\/\/bach-to-trad-co.org\/wp-content\/uploads\/2014\/08\/1329r-e1425911976478-150x142.png 150w\" sizes=\"(max-width: 210px) 100vw, 210px\" \/><\/a>Lauriane \u00e9tudie la danse contemporaine, classique et jazz au CNR de Toulouse puis au CNSMD de Lyon en contemporain o\u00f9 elle danse sous la direction des chor\u00e9graphes Julien Monty, Michel Kelemenis, Yan Raballand. Elle se forme \u00e9galement \u00e0 la capoeira, danse traditionnelle irlandaise (sean nos), danse baroque ainsi qu&rsquo;au chant, polyphonique et du monde. Elle travaille pour la Cie Samuel Mathieu, la Cie Tam, participe \u00e0 divers projets de performances notamment au Palais de Tokyo, centre Pompidou et actuellement avec la compagnie Act2 Catherine Dreyfus.<\/span><br \/>\n<span style=\"color: #333333;\"> Les liens entre musique et danse, fondamentaux pour elle, sont \u00e0 l&rsquo;origine de son travail de cr\u00e9ation : elle cr\u00e9e deux pi\u00e8ces avec le musicien Denis Gasser, Bach to Trad &amp; CO # 1 et # 2 en 2014 et 2015 et travaille actuellement \u00e0 la chor\u00e9graphie des 27 ch\u0153urs pour enfants et voix de femmes de B\u00e9la Bart\u00f3k et sur un solo tout public autour de musiques traditionnelles scandinaves.<\/span><br \/>\n<span style=\"color: #333333;\"> Titulaire du dipl\u00f4me d&rsquo;\u00e9tat de professeur de danse depuis 2012, elle donne r\u00e9guli\u00e8rement des ateliers en milieu scolaire en lien avec le Centre National de la Danse.<\/span><\/p>\n<p>&nbsp;<\/p>\n<h5><span style=\"color: #333333;\">Denis Gasser<br \/>\n<\/span><\/h5>\n<p><span style=\"color: #333333;\"><a style=\"color: #333333;\" href=\"http:\/\/bach-to-trad-co.org\/wp-content\/uploads\/2014\/01\/DG_moc_guitare_mai11-3-e1420452351861.jpg\" data-rel=\"lightbox-image-1\" data-rl_title=\"\" data-rl_caption=\"\" title=\"\"><img loading=\"lazy\" class=\"wp-image-275 alignleft\" src=\"http:\/\/bach-to-trad-co.org\/wp-content\/uploads\/2014\/01\/DG_moc_guitare_mai11-3-e1420452351861.jpg\" alt=\"DG_moc_guitare_mai11-3\" width=\"248\" height=\"260\" \/><\/a><span style=\"text-decoration: underline;\">Musiques traditionnelles, baroques &amp; contemporaines :<\/span><\/span><\/p>\n<p><span style=\"color: #333333;\">Des Barricades myst\u00e9rieuses de Couperin en 1976 au Rire d\u2019Isaac (concept-album de chansons) en passant par des suites de Bach on cowboy\u2019s guitars pour luth ou violoncelle, les 27 ch\u0153urs d\u2019enfants de B\u00e9la Bart\u00f3k (enregistr\u00e9s solo !), le grand r\u00e9pertoire de la chanson fran\u00e7aise du XXe si\u00e8cle et des pop songs pr\u00e9sent\u00e9 tr\u00e8s r\u00e9guli\u00e8rement en concert dans les h\u00f4pitaux et les biblioth\u00e8ques, les champs musicaux de Denis Gasser sont divers mais coh\u00e9rents et compl\u00e9mentaires.<\/span><br \/>\n<span style=\"color: #333333;\"> Compagnon-arrangeur de nombreux musiciens folks au d\u00e9but des ann\u00e9es 1980 : Marc Perrone, Alan Kloatr, Dominique Paris, Jean-Fran\u00e7ois Vrod, Philippe Prieur, Yvon Guilcher, Jean-Fran\u00e7ois Dutertre. Il participe \u00e0 plusieurs albums importants de cette \u00e9poque : Gentiane, Playford dancing master, il arrange le premier vinyle de Marc Perrone. En 2006, il fait partie du groupe europ\u00e9en de Gilles Apap avec lequel il se produit, entre autres, au th\u00e9\u00e2tre du Ch\u00e2telet et \u00e0 la Radio nationale de Cologne.<\/span><\/p>\n<p><span style=\"text-decoration: underline; color: #333333;\">Chansons :<\/span><\/p>\n<p><span style=\"color: #333333;\">Dans les ann\u00e9es 1980, il s\u2019oriente vers l\u2019\u00e9criture et compose une cinquantaine de chansons, textes et musiques. La plupart sont issues de th\u00e8mes traditionnels retravaill\u00e9s. Deux albums ont r\u00e9unis ces chansons : Juste un coup \u00e0 prendre ( 1996 ) et Le Rire d\u2019Isaac ( 2001 ).<\/span><br \/>\n<span style=\"color: #333333;\"> Les Ateliers Chansons qu\u2019il anime depuis plus de vingt-cinq ans au sein de l\u2019association qu\u2019il a cr\u00e9\u00e9e en 1988 l\u2019ont amen\u00e9 \u00e0 travailler un r\u00e9pertoire d\u2019un millier de chansons de toutes \u00e9poques, de tous styles et de toutes langues en animant des formations pour des participants allant du parfait d\u00e9butant au professionnel confirm\u00e9, sans oublier des personnes du grand-\u00e2ge ou handicap\u00e9s. Le questionnement sur les rapports musique, voix, danse, et la musicoth\u00e9rapie ont toujours nourri son travail ( aid\u00e9 en cela par sa formation de psychomotricien dipl\u00f4m\u00e9 d\u2019\u00e9tat ).<\/span><\/p>\n<p><span style=\"text-decoration: underline; color: #333333;\">Danse :<\/span><\/p>\n<p><span style=\"color: #333333;\">Depuis 2004, il se forme tr\u00e8s r\u00e9guli\u00e8rement \u00e0 la pratique de la danse baroque avec plusieurs formateurs dont Jean-Marc Piquemal et Ana Yepes, \u00e0 la danse traditionnelle irlandaise avec Michael Tubridy et Mairead O&rsquo;Casey et \u00e9galement \u00e0 la danse contemporaine avec Lauriane Kereg avec qui il collabore depuis plus de deux ans sur le projet \u00ab Bach to Trad &amp; CO \u00bbDenis Gasser s\u2019est toujours tenu entre les musiques populaires et savantes avec une pr\u00e9f\u00e9rence de c\u0153ur pour les premi\u00e8res.<\/span><\/p>\n","protected":false},"excerpt":{"rendered":"<p>Artistes: Lauriane Kereg Lauriane \u00e9tudie la danse contemporaine, classique et jazz au CNR de Toulouse puis au CNSMD de Lyon en contemporain o\u00f9 elle danse sous la direction des chor\u00e9graphes Julien Monty, Michel Kelemenis, Yan Raballand. Elle se forme \u00e9galement \u00e0 la capoeira, danse traditionnelle irlandaise (sean nos), danse baroque&hellip; <\/p>\n","protected":false},"author":3,"featured_media":0,"parent":0,"menu_order":0,"comment_status":"closed","ping_status":"closed","template":"","meta":[],"_links":{"self":[{"href":"http:\/\/bach-to-trad-co.org\/index.php?rest_route=\/wp\/v2\/pages\/506"}],"collection":[{"href":"http:\/\/bach-to-trad-co.org\/index.php?rest_route=\/wp\/v2\/pages"}],"about":[{"href":"http:\/\/bach-to-trad-co.org\/index.php?rest_route=\/wp\/v2\/types\/page"}],"author":[{"embeddable":true,"href":"http:\/\/bach-to-trad-co.org\/index.php?rest_route=\/wp\/v2\/users\/3"}],"replies":[{"embeddable":true,"href":"http:\/\/bach-to-trad-co.org\/index.php?rest_route=%2Fwp%2Fv2%2Fcomments&post=506"}],"version-history":[{"count":35,"href":"http:\/\/bach-to-trad-co.org\/index.php?rest_route=\/wp\/v2\/pages\/506\/revisions"}],"predecessor-version":[{"id":1212,"href":"http:\/\/bach-to-trad-co.org\/index.php?rest_route=\/wp\/v2\/pages\/506\/revisions\/1212"}],"wp:attachment":[{"href":"http:\/\/bach-to-trad-co.org\/index.php?rest_route=%2Fwp%2Fv2%2Fmedia&parent=506"}],"curies":[{"name":"wp","href":"https:\/\/api.w.org\/{rel}","templated":true}]}}